- 2. Calculate o(2).
7
Suppose -5*v + 5*a + 10 = 0, -4*v + 3*a + 13 = 3. Suppose v = 2*d + 2*d. Let o(f) = -3 + 1 - d - 4*f + 2*f**2 + f**3. Give o(-3).
0
Let c(q) = 0 + 8*q**2 - 3*q + q**3 - 1 - 4*q**2. Suppose -3*r = -3*v + 18, -3*v - 10 = -8*v. Calculate c(r).
11
Let h = 23 + -13. Let x = h + -9. Suppose p + x = 4. Let l(u) = 3*u - 3. What is l(p)?
6
Suppose -9 = 4*f - 1. Let p = 1 + f. Let h be 3/(-1 + (p - -3)). Let l(m) = 2*m. Determine l(h).
6
Let y(c) = c**3 + 6*c**2 - 4*c - 4. Let z be y(-6). Suppose -6*m + 2*m = -3*u + z, -3*u + 5*m + 25 = 0. Let p(k) = k + 1. Calculate p(u).
1
Let h(d) = -d**2 + d + 1. Let u(p) = 14*p - 11. Let q(z) = 5*z - 4. Let m(o) = -11*q(o) + 4*u(o). Let k(g) = -h(g) + 2*m(g). Determine k(-1).
-1
Let h(v) = -6*v + 2 + 3*v - 1 - 3. Let p(d) = -2*d - d + 4*d + 1 + 0*d. Let n(r) = 2*h(r) + 5*p(r). Calculate n(5).
-4
Let q(t) = -3*t**2 - 6. Let l(v) = 4*v**2 - v + 7. Let f(w) = 4*l(w) + 5*q(w). Calculate f(5).
3
Let k = -719/6 - -120. Let q(c) be the third derivative of k*c**3 + 0 + 1/120*c**6 + 1/12*c**4 - 3*c**2 + 1/15*c**5 + 0*c. Give q(-2).
5
Let b(x) = 3*x**2 - 5*x + 5. Let h(y) = y**2 - 2*y + 2. Let g(d) = -2*b(d) + 5*h(d). Calculate g(3).
-9
Suppose -10*g = g - 33. Let i(u) be the second derivative of 3/2*u**2 - u**g + 0 - 2*u + 1/6*u**4. What is i(4)?
11
Suppose 0 = -4*x - x - 35. Let v be (x - -1)/(1 + -3). Let u(m) = m**v - 7*m**2 + 2*m - m - 5 + 7*m. Calculate u(6).
7
Suppose 5*h - 19 = 4*x, 0*h - 4*h + 15 = -3*x. Let g = 1 + x. Let o(l) = -l - 2. What is o(g)?
-2
Let s(k) = k + 1. Let z(j) = -j + 13. Let x be z(0). Let n = x - 15. Give s(n).
-1
Let v(c) = -61*c**2 + c**3 + 30*c**2 + 2 + 28*c**2. Determine v(2).
-2
Suppose 0 = -5*d - 5*q + 20, 5*d = 2*q + 4 + 9. Suppose -1 = 2*s - d. Let y(p) = 3 + 7*p + s - 6*p. What is y(-3)?
1
Let k(a) = 4*a. Let g(d) be the first derivative of d**4/2 - d**2/2 - 5. Let w be g(1). Give k(w).
4
Let l(c) be the first derivative of -c**3/3 - 3*c**2 - 5*c - 2. Let t be (5 + 2)*((-36)/(-7))/(-6). Calculate l(t).
-5
Let l(m) = -m**3 + 4*m**2 + 2*m - 2. Let r(o) = -5*o**3 + 16*o**2 + 8*o - 8. Let q(v) = 9*l(v) - 2*r(v). What is q(-3)?
1
Let g(y) = -y**3 - 6*y**2 - 2*y - 12. Let f be g(-6). Suppose -20 = -f*c + 4*c. Let h(v) = -2*v - 1 + 3*v + 2. Calculate h(c).
-4
Let x(f) = -f**2 - 2*f. Let u(o) be the third derivative of o**6/120 + o**4/24 - o**3/2 + 3*o**2. Let t be u(0). Calculate x(t).
-3
Let o(s) = s - 5 - 5*s + 0*s + 3*s. Give o(-6).
1
Let n(l) = 6*l + 2. Suppose 5*a + y + 9 = 0, -3*y + 13 = -0*a - 5*a. Calculate n(a).
-10
Let k(c) be the second derivative of -2*c**3/3 - c**2/2 + c. Determine k(2).
-9
Let v(n) be the first derivative of n**4/12 + 2*n**3/3 - 3*n**2 + 2*n + 5. Let f(k) be the first derivative of v(k). Give f(-5).
-1
Let c be (-4)/10 - (-21)/15. Let r = 5 - c. Let t(l) be the first derivative of -l**2/2 + 6*l + 4. Give t(r).
2
Let i(z) = -3*z**2 + z**2 - z**2 - 3*z**2. What is i(-1)?
-6
Suppose 5*c + 8 = -2. Let f(j) = 4*j**2 + 0 + 2*j + 9 - 7 + j**3 - j**2. What is f(c)?
2
Let h(g) = g - 12. Let w(u) = u**3 - u + 13. Let o be w(0). Let p = o - 8. Give h(p).
-7
Let r = 20 - 15. Let j(f) = -11 - 6*f + 0 + r*f. Give j(-8).
-3
Let p(q) = -q - 1. Let l(g) = 7*g + 7. Let i(x) = l(x) + 6*p(x). Let f(y) = y - 2. Let h be f(4). Give i(h).
3
Let n be ((-1)/2)/(1/12). Let r(w) be the first derivative of w**2/2 + 2*w - 5. Determine r(n).
-4
Let i(w) = w + 2. Let n be i(-4). Let o be (3/4)/(n/(-8)). Let m(d) = -6 + o*d + d - 2*d - 1. Determine m(5).
3
Let f = -3 - -5. Let a(v) = v + 0 + f*v**2 - 1 + 7 - 3*v**2. Determine a(0).
6
Let b(s) = -4*s**2 + 7*s. Suppose -3*z - 6 = -0*n - 5*n, 0 = -n. Let t(j) = -j**2 + 2*j. Let x(p) = z*b(p) + 9*t(p). Let g be 108/20 - 4/10. Give x(g).
-5
Let f(x) be the first derivative of x**4/4 + 2*x**3 - 2*x**2 + 10*x + 22. What is f(-7)?
-11
Let u(p) = 8*p + 3. Let r(v) = 16*v + 6. Suppose 3*k + 2*k + 25 = -4*g, 4*g = k - 19. Let b(d) = g*u(d) + 3*r(d). Calculate b(-2).
-13
Let x be (-4)/2*(-24)/16. Let t(s) = 7*s - 7. Let a(p) = 60*p - 67. Let f(j) = 40*j - 45. Let q(z) = 5*a(z) - 7*f(z). Let y(k) = 5*q(k) - 14*t(k). What is y(x)?
4
Let f(n) = n**2 + 2*n + 3. Let g be (-4)/12 - (40/12)/2. What is f(g)?
3
Let l(n) = 0*n + 3*n - n. Suppose 6 + 0 = -2*r. Let q be 3 + (3 - (r + 5)). Determine l(q).
8
Let a = 11 + -10. Let d(x) = -11*x**2 + 1. What is d(a)?
-10
Let h(f) = f - 1. Let o be h(-6). Let v(z) = z**2 + 6*z + 2. Calculate v(o).
9
Let n(k) be the second derivative of k**4/12 - k**2/2 + 3*k. Let r be n(1). Let z(j) = j**3 + r - 7*j**2 + 3*j**2 - 2*j + 4. Give z(4).
-4
Let q(m) = -12 + 7 - 4*m**2 + 0*m + 3*m**2 - m. Determine q(0).
-5
Let u(c) = 2*c**2 - 2*c + 1. Let a = 5 - 3. Suppose a*d + 13 = -5. Let g be ((-2)/6)/(3/d). What is u(g)?
1
Let z(t) be the first derivative of t**4/4 - 7*t**3/3 - 9*t**2/2 + 23. What is z(8)?
-8
Suppose -2*c = c - 4*u - 25, -2*c - 3*u = 6. Let x(j) = 3*j + j**2 - 3 - 11*j**2 + 9*j**2. Give x(c).
-3
Let u(f) = 2*f - 3 - 6*f + 6 - 2. What is u(-1)?
5
Let i(n) = -4*n + 15. Let b be i(3). Let c(z) = -2*z + 3. Calculate c(b).
-3
Let o(w) = w**2 + 5*w - 4. Suppose -6*q + 23 = -5*f - 4*q, 4 = 4*f + 4*q. Calculate o(f).
-10
Let n(v) = -v**3 - 2*v**2 - 2*v + 1. Suppose -r - 2*s + 11 = 0, 2*s - 16 = -2*r + s. Suppose -r = 5*j + 3. What is n(j)?
5
Let x = -15 + 14. Let p(q) = 3*q**2 - q - 1. What is p(x)?
3
Let c(z) = -z**3 + z**2 + 14. Let h = 3 + -3. What is c(h)?
14
Let y(h) = h + 2. Let s(o) = -2*o. Let n be s(1). Suppose -5*m + 3*l - 2 = 0, 2*m - 3*l = -5 - 3. Let w be 0*(-1 - (n + m)). Determine y(w).
2
Let y(r) = 5*r**3 + r**3 - 2 + 3*r**2 - 7*r**3 + r. Let i be (-6)/18*(-1 - 8). Determine y(i).
1
Let k(l) = -l**2 + 9*l - 4. Suppose -5*y + u + 25 = -2, -y + 3*u = 3. Calculate k(y).
14
Let z(t) = -2*t - 9. Let d be z(-4). Let w = d + 5. Let a(m) = -m**2 + 5*m + 1. Give a(w).
5
Let u(c) = -2*c**3 - 3*c**2 - 2*c - 1. Let w be u(-2). Suppose 15 = -w*f + 2*f - 5*b, -4*f + 5*b = -15. Let i(m) = -m**2 - 5. Give i(f).
-5
Suppose 0 = -5*p - 15, 4*m + 5*p - 9 = -32. Let y(l) = 2*l - 1. Determine y(m).
-5
Let g(d) = -4*d - 5. Let l be g(-2). Let q(j) = -j**3 - 4*j**3 + 6*j**l - 1 + j**2 - 2. Give q(0).
-3
Let v(s) be the first derivative of s**2/2 - 3*s - 6. Give v(-6).
-9
Let o(r) = -r + 10. Let x be ((-18)/(-8))/(2/8). Let v be x - 1/(2/6). Calculate o(v).
4
Let d(k) = -k**3 + 6*k**2 - 7*k + 7. Let n be 1*11 + 2/(-2). Suppose -3*p = f + 15, 7*p - 3*f + 7 = 3*p. Let c be (6 - 8)*n/p. Give d(c).
-3
Let t(k) = k**2 - 6*k - 7. Let f be t(7). Let s(v) be the third derivative of v**6/120 - v**5/60 + v**4/24 - 3*v**3/2 + 3*v**2. What is s(f)?
-9
Let p(z) = 5*z**2 - 2*z + 1. Let b be p(1). Let w = 3 - 2. Let g(d) = w - d**2 + 2 + 6*d - 5. Give g(b).
6
Let l = -6599/60 + 110. Let k(p) be the third derivative of -2*p**2 + 0*p**3 + 0*p**4 - l*p**5 + 0*p + 0. Calculate k(-1).
-1
Let z(k) be the second derivative of k**6/360 + 7*k**5/120 + 5*k**4/24 + k**3/3 + 2*k. Let y(h) be the second derivative of z(h). Determine y(-4).
-7
Let x(q) be the first derivative of -2 - 7/2*q**2 + 8/3*q**3 - 1/4*q**4 - 7*q. What is x(7)?
-7
Let s(b) = -63*b**2 - 1 - 4*b + 64*b**2 - 9 + 3*b + b**3. Give s(0).
-10
Let x = 15 - 20. Let k(o) = -o - 10. What is k(x)?
-5
Let z be -2 - (-5)/(10/4). Suppose 2*x + a - 11 = 0, -a = x - z*a - 8. Suppose 0 = 5*o - c - 20 - 2, c - 18 = -x*o. Let i(g) = -g**2 + 6*g - 4. Calculate i(o).
1
Let z(d) = 2*d**2 - 2*d. Let m(y) = 3*y - 1. Suppose -s - 8 = -5*s. Let p be m(s). Suppose 0 = 2*v - p + 1. What is z(v)?
4
Let u(k) = k + 15. Let w be u(-13). Let d(c) = w*c + 1 + 3 - 3. Give d(-3).
-5
Let m be (2*3/(-9))/((-1)/(-3)). Let o(j) = -2*j**2 - 2*j - 1. Determine o(m).
-5
Let k be 2*(1 - 0) + 3. Suppose 4*o + 17 = -4*s + 57, -40 = -k*s - 3*o. Let h(v) = -1 - s*v**2 - 1 - 5*v - 2*v**3 + v**3. Determine h(-4).
2
Let a(z) = -z**2 + 4*z. Suppose -c = -k - 5, -4*k = -5*c - 2*k + 19. Suppose c*f - 17 = -5*y, f + 19 = 5*y + 2*f. Determine a(y).
0
Let n(m) = -3*m**3 - 5*m**2 - 5*m - 4. Let c(o) = -4*o**3 - 6*o**2 - 6*o - 5. Let w(u) = 4*c(u) - 5*n(u). Suppose -5*f - 5*b - 7 = 8, -3*f = 2*b + 7. Give w(f).
1
Let z be 5/(-10)*0/2. Let m(k) = -k + k**2 + z - 4 + 0 + 0. Calculate m(0).
-4
Let y(x) be the first derivative o